9?
17
Calculate the greatest common divisor of 4 and 550.
2
Calculate the highest common divisor of 181 and 29503.
181
What is the greatest common divisor of 702 and 26?
26
Calculate the greatest common factor of 10120 and 264.
88
What is the greatest common divisor of 1448 and 181?
181
What is the greatest common factor of 112 and 119?
7
What is the greatest common factor of 50 and 250?
50
Calculate the greatest common divisor of 72 and 2136.
24
Calculate the greatest common factor of 169 and 4.
1
Calculate the greatest common divisor of 72 and 2628.
36
Calculate the highest common divisor of 1746 and 1067.
97
What is the greatest common divisor of 3096 and 648?
72
Calculate the greatest common divisor of 54 and 243.
27
Calculate the greatest common factor of 84 and 11004.
84
What is the highest common divisor of 10 and 165?
5
What is the highest common divisor of 216 and 56?
8
Calculate the greatest common factor of 190 and 665.
95
Calculate the greatest common divisor of 405 and 45.
45
Calculate the highest common factor of 5137 and 44.
11
What is the highest common divisor of 235 and 4559?
47
What is the highest common factor of 36 and 468?
36
What is the highest common factor of 20 and 480?
20
Calculate the greatest common factor of 772 and 8.
4
Calculate the highest common divisor of 1482 and 150.
6
Calculate the highest common divisor of 4 and 296.
4
Calculate the highest common factor of 36 and 2052.
36
Calculate the greatest common divisor of 208 and 10712.
104
What is the greatest common factor of 16 and 30?
2
What is the greatest common factor of 6742 and 8?
2
Calculate the greatest common divisor of 13 and 221.
13
Calculate the greatest common divisor of 1044 and 72.
36
Calculate the greatest common divisor of 104 and 3224.
104
What is the highest common factor of 175 and 1960?
35
What is the highest common divisor of 184 and 138?
46
Calculate the highest common divisor of 396 and 54.
18
Calculate the highest common divisor of 11616 and 121.
121
Calculate the greatest common factor of 5160 and 360.
120
What is the greatest common divisor of 2944 and 644?
92
What is the greatest common divisor of 12 and 3516?
12
Calculate the highest common factor of 7400 and 30.
10
Calculate the highest common divisor of 1519 and 1.
1
Calculate the greatest common factor of 28 and 2044.
28
What is the greatest common factor of 108 and 309?
3
What is the highest common divisor of 15534 and 18?
18
Calculate the highest common factor of 145 and 20.
5
What is the highest common divisor of 3843 and 441?
63
What is the highest common factor of 249 and 83?
83
Calculate the highest common divisor of 304 and 361.
19
What is the greatest common factor of 2945 and 209?
19
What is the highest common divisor of 156 and 12?
12
What is the greatest common factor of 108 and 11556?
108
What is the greatest common factor of 33 and 2277?
33
What is the greatest common divisor of 9 and 6?
3
Calculate the highest common divisor of 84 and 266.
14
What is the highest common factor of 28 and 1246?
14
What is the greatest common factor of 22 and 275?
11
Calculate the highest common divisor of 1184 and 74.
74
Calculate the greatest common factor of 114 and 627.
57
What is the highest common divisor of 132 and 1870?
22
Calculate the greatest common divisor of 8724 and 108.
12
Calculate the highest common factor of 15 and 5595.
15
What is the greatest common divisor of 1424 and 890?
178
Calculate the greatest common divisor of 475 and 133.
19
What is the greatest common factor of 33 and 88?
11
Calculate the greatest common factor of 10 and 18.
2
Calculate the highest common divisor of 32 and 856.
8
Calculate the highest common divisor of 63 and 14.
7
Calculate the greatest common factor of 20 and 560.
20
What is the greatest common factor of 1033 and 1?
1
What is the greatest common divisor of 190 and 10?
10
What is the greatest common factor of 20 and 45?
5
What is the greatest common factor of 330 and 6435?
165
Calculate the greatest common factor of 908 and 8.
4
What is the highest common divisor of 106 and 102?
2
What is the highest common divisor of 231 and 121?
11
Calculate the highest common divisor of 1800 and 72.
72
What is the highest common factor of 246 and 3362?
82
What is the highest common divisor of 676 and 52?
52
What is the highest common factor of 200 and 16?
8
What is the highest common divisor of 7281 and 9?
9
Calculate the highest common divisor of 1508 and 1092.
52
Calculate the highest common factor of 54444 and 36.
12
What is the highest common factor of 442 and 1950?
26
What is the greatest common factor of 806 and 31?
31
Calculate the highest common factor of 2626 and 26.
26
What is the highest common factor of 10 and 125?
5
What is the greatest common factor of 53 and 848?
53
Calculate the highest common factor of 51 and 255.
51
Calculate the greatest common factor of 50 and 550.
50
What is the greatest common divisor of 170 and 102?
34
Calculate the greatest common divisor of 312 and 39.
39
Calculate the greatest common factor of 375 and 9.
3
Calculate the greatest common divisor of 11823 and 63.
21
Calculate the highest common divisor of 104468 and 364.
364
Calculate the highest common divisor of 528 and 88.
88
What is the greatest common divisor of 1263 and 18?
3
Calculate the highest common divisor of 26666 and 134.
134
Calculate the highest common divisor of 423 and 7755.
141
What is the greatest common divisor of 14 and 182?
14
Calculate the greatest common divisor of 3874 and 4023.
149
What is the greatest common factor of 30 and 6?
6
Calculate the highest common divisor of 20 and 52.
4
What is the highest common divisor of 1778 and 14?
14
What is the greatest common divisor of 30052 and 4?
4
Calculate the greatest common divisor of 1422 and 30.
6
What is the greatest common factor of 5772 and 117?
39
What is the highest common divisor of 35 and 85?
5
What is the highest common factor of 84 and 210?
42
What is the highest common factor of 12 and 796?
4
What is the greatest common divisor of 205 and 78515?
205
What is the highest common factor of 2522 and 582?
194
What is the greatest common divisor of 187 and 5729?
17
What is the highest common factor of 585 and 845?
65
What is the highest common factor of 91 and 689?
13
Calculate the highest common divisor of 2 and 2446.
2
Calculate the highest common factor of 74 and 111.
37
What is the greatest common factor of 976 and 122?
122
Calculate the greatest common divisor of 182 and 130.
26
What is the highest common divisor of 64 and 2?
2
What is the greatest common divisor of 1675 and 100?
25
Calculate the highest common divisor of 500 and 230.
10
Calculate the greatest common divisor of 411 and 24.
3
Calculate the highest common factor of 58 and 464.
58
Calculate the greatest common factor of 66 and 418.
22
Calculate the highest common divisor of 385 and 245.
35
What is the greatest common factor of 242 and 2783?
121
Calculate the highest common divisor of 7 and 469.
7
What is the highest common divisor of 286 and 26?
26
Calculate the greatest common divisor of 1060 and 20.
20
What is the highest common divisor of 836 and 66?
22
What is the greatest common divisor of 146 and 22?
2
Calculate the greatest common divisor of 728 and 104.
104
Calculate the greatest common factor of 13 and 1469.
13
Calculate the highest common factor of 147 and 81.
3
What is the highest common divisor of 2808 and 3354?
78
What is the greatest common factor of 242 and 44?
22
Calculate the highest common factor of 3 and 12.
3
What is the highest common factor of 1819 and 3103?
107
What is the greatest common factor of 114 and 6?
6
Calculate the highest common divisor of 20970 and 60.
30
What is the greatest common divisor of 11 and 8734?
11
What is the greatest common factor of 618 and 78?
6
What is the greatest common divisor of 117 and 9?
9
What is the greatest common divisor of 552 and 360?
24
What is the greatest common factor of 243 and 3?
3
Calculate the highest common divisor of 1196 and 276.
92
What is the highest common factor of 14 and 126?
14
Calculate the greatest common factor of 16 and 464.
16
What is the highest common divisor of 3280 and 480?
80
Calculate the highest common factor of 143 and 2559